lse
Is 2 a factor of 1431258?
True
Is 15 a factor of 60825?
True
Is 50 a factor of 3869734?
False
Does 1730 divide 4150519?
False
Does 62 divide 904825?
False
Is 282325 a multiple of 25?
True
Is 506514 a multiple of 246?
True
Is 9 a factor of 2653496?
False
Is 68 a factor of 1303770?
False
Is 28 a factor of 88948?
False
Is 132 a factor of 5024712?
True
Is 551121 a multiple of 40?
False
Does 79 divide 540780?
False
Does 37 divide 1547784?
True
Does 547 divide 1638265?
True
Does 60 divide 17511423?
False
Is 190543 a multiple of 32?
False
Does 142 divide 4227?
False
Is 234876 a multiple of 11?
False
Is 82069 a multiple of 13?
True
Is 19 a factor of 5288840?
True
Is 5 a factor of 2745?
True
Does 50 divide 338156?
False
Is 110 a factor of 7237047?
False
Is 27 a factor of 191781?
True
Is 238392 a multiple of 301?
True
Is 3 a factor of 8670?
True
Is 22 a factor of 130003?
False
Is 27245 a multiple of 158?
False
Does 56 divide 1288?
True
Does 21 divide 65181?
False
Does 199 divide 12537?
True
Is 3382748 a multiple of 92?
True
Is 19 a factor of 349766?
False
Is 191 a factor of 1659026?
True
Is 3245040 a multiple of 45?
True
Is 132 a factor of 89102?
False
Does 63 divide 129640?
False
Is 1869 a factor of 15203534?
False
Is 5 a factor of 22664?
False
Is 9 a factor of 69434?
False
Is 33 a factor of 6790615?
False
Is 42 a factor of 283122?
True
Is 8 a factor of 203840?
True
Is 9 a factor of 3619305?
True
Is 655690 a multiple of 85?
True
Is 125624 a multiple of 164?
True
Is 135555 a multiple of 740?
False
Is 22664772 a multiple of 156?
True
Is 15 a factor of 1667580?
True
Is 2092436 a multiple of 13?
False
Is 183480 a multiple of 4?
True
Is 7 a factor of 4656258?
False
Is 224 a factor of 244608?
True
Is 15 a factor of 98448?
False
Is 140 a factor of 12583200?
True
Does 80 divide 1383682?
False
Is 148 a factor of 5657152?
True
Is 3624 a multiple of 12?
True
Is 18057 a multiple of 13?
True
Is 5030250 a multiple of 50?
True
Does 252 divide 1964340?
True
Is 12 a factor of 827556?
True
Is 274 a factor of 1169432?
True
Does 2 divide 68482?
True
Is 372 a factor of 3265368?
False
Is 13831263 a multiple of 1158?
False
Does 65 divide 20087340?
True
Does 40 divide 72760?
True
Is 58 a factor of 48894?
True
Does 790 divide 2099891?
False
Does 39 divide 7218011?
False
Does 38 divide 47220?
False
Does 35 divide 52699?
False
Is 72296 a multiple of 28?
True
Is 69 a factor of 1046868?
True
Does 99 divide 89642?
False
Does 26 divide 8476?
True
Does 235 divide 338388?
False
Is 40 a factor of 190908?
False
Is 2 a factor of 241041?
False
Is 740606 a multiple of 30?
False
Is 124 a factor of 410564?
True
Does 377 divide 744121?
False
Does 402 divide 132660?
True
Is 1108560 a multiple of 596?
True
Does 24 divide 238203?
False
Does 17 divide 17777?
False
Is 296814 a multiple of 183?
False
Does 69 divide 568422?
True
Does 61 divide 442243?
False
Does 8 divide 87591?
False
Is 359720 a multiple of 460?
True
Is 10 a factor of 59650?
True
Does 426 divide 349746?
True
Is 10 a factor of 23962?
False
Is 16 a factor of 29508?
False
Is 250 a factor of 470000?
True
Is 3 a factor of 99299?
False
Is 3 a factor of 1248114?
True
Is 93899 a multiple of 685?
False
Is 43941 a multiple of 13?
False
Is 81 a factor of 272092?
False
Is 4 a factor of 1015248?
True
Is 99470 a multiple of 203?
True
Does 1236 divide 6696648?
True
Is 25 a factor of 53475?
True
Does 9 divide 373392?
True
Is 18 a factor of 2450261?
False
Is 3052632 a multiple of 93?
True
Is 22876 a multiple of 22?
False
Is 11 a factor of 21401?
False
Does 11 divide 5984176?
True
Is 558 a factor of 8133609?
False
Is 1999884 a multiple of 13?
False
Is 2459171 a multiple of 593?
True
Is 356148 a multiple of 156?
True
Is 21 a factor of 582435?
True
Is 895520 a multiple of 536?
False
Does 89 divide 1756188?
False
Does 22 divide 92180?
True
Does 119 divide 7928497?
False
Is 128740 a multiple of 10?
True
Does 877 divide 14613435?
False
Is 10000 a multiple of 100?
True
Is 34 a factor of 1092903?
False
Is 116064 a multiple of 9?
True
Is 113246 a multiple of 14?
True
Does 7 divide 5609268?
True
Is 5322204 a multiple of 558?
True
Is 541 a factor of 23312772?
True
Is 288220 a multiple of 20?
True
Does 212 divide 64024?
True
Is 649116 a multiple of 292?
True
Is 29 a factor of 703315?
False
Does 5 divide 762794?
False
Is 908782 a multiple of 5?
False
Is 310380 a multiple of 7?
True
Is 30492 a multiple of 24?
False
Is 16717050 a multiple of 945?
True
Does 7 divide 1253409?
False
Is 4 a factor of 3611?
False
Is 144985 a multiple of 271?
True
Does 91 divide 133133?
True
Does 17 divide 2487312?
False
Is 138 a factor of 2369460?
True
Is 27 a factor of 340632?
True
Is 210 a factor of 3914610?
True
Is 8 a factor of 10511?
False
Is 14 a factor of 196098?
True
Is 143247 a multiple of 305?
False
Is 15 a factor of 10511895?
True
Is 28461389 a multiple of 11?
True
Is 12283 a multiple of 5?
False
Is 6 a factor of 57883?
False
Does 187 divide 467126?
True
Does 7 divide 122318?
True
Does 5 divide 111525?
True
Is 1913387 a multiple of 5?
False
Does 101 divide 26513005?
True
Is 7920 a multiple of 315?
False
Is 515621 a multiple of 4?
False
Is 20 a factor of 10820?
True
Does 356 divide 216092?
True
Is 133500 a multiple of 890?
True
Is 1339 a factor of 10705999?
False
Does 6 divide 655?
False
Does 9 divide 243324?
True
Does 12 divide 534612?
True
Is 29 a factor of 62321?
True
Is 105 a factor of 1113697?
False
Is 176 a factor of 1199480?
False
Is 106812 a multiple of 129?
True
Does 731 divide 9905290?
False
Is 4353998 a multiple of 169?
False
Does 14 divide 1427002?
False
Is 587412 a multiple of 148?
True
Is 6 a factor of 5293098?
True
Does 13 divide 28785042?
True
Is 36 a factor of 5394513?
False
Does 13 divide 7684313?
True
Does 772 divide 341996?
True
Is 152969 a multiple of 120?
False
Does 142 divide 165369?
False
Does 18 divide 1216231?
False
Is 418528 a multiple of 328?
True
Is 17332361 a multiple of 30?
False
Is 948736 a multiple of 9?
False
Is 4143169 a multiple of 10?
False
Is 18 a factor of 1691737?
False
Does 138 divide 1037070?
True
Is 3 a factor of 27338?
False
Is 6010746 a multiple of 14?
True
Does 258 divide 186792?
True
Is 3011424 a multiple of 19?
True
Is 48 a factor of 682176?
True
Does 122 divide 3821323?
False
Is 13 a factor of 1558918?
False
Does 213 divide 1564465?
False
Is 14 a factor of 1377208?
True
Does 10 divide 15864?
False
Is 70297 a multiple of 12?
False
Does 40 divide 5877784?
False
Does 9 divide 1314344?
False
Does 281 divide 1819756?
True
Does 15 divide 1195770?
True
Is 32 a factor of 2976181?
False
Is 226970 a multiple of 140?
False
Does 179 divide 17529112?
True
Is 25137 a multiple of 5?
False
Does 30 divide 519390?
True
Is 42 a factor of 7145642?
False
Is 425 a factor of 342975?
True
Does 21 divide 48117?
False
Is 5 a factor of 459419?
False
Is 5450 a multiple of 218?
True
Does 83 divide 406039?
False
Is 3 a factor of 228353?
False
Is 966091 a multiple of 828?
False
Is 2816079 a multiple of 149?
False
Is 140 a factor of 3673320?
True
Does 32 divide 190464?
True
Does 103 divide 761753?
False
Is 160983 a multiple of 577?
True
Does 196 divide 6839028?
True
Does 277 divide 823634?
False
Is 275328 a multiple of 9?
True
Is 102 a factor of 7569166?
False
Is 1004 a factor of 8529984?
True
Does 13 divide 251854?
False
Does 156 divide 1727076?
True
Is 5 a factor of 107573?
False
Is 51111 a multiple of 17?
False
Is 6465 a multiple of 14?
False
Is 8500 a multiple of 10?
True
Does 7 divide 1453?
False
Does 88 divide 442288?
True
Is 22890 a multiple of 3?
True
Does 105 divide 143535?
True
Does 58 divide 16646?
True
Is 186 a factor of 1954324?
False
Is 1304637 a multiple of 1089?
False
Does 23 divide 427041?
True
Does 169 divide 2757588?
False
Is 1128 a factor of 651984?
True
Is 9 a factor of 167046?
False
Is 427593 a multiple of 15?
False
Does 32 divide 571104?
True
Does 95 divide 12826046?
False
Does 1567 divide 4749296?
False
Is 35 a factor of 196412?
False
Is 602 a factor of 250530?
False
Is 13 a factor of 2230919?
False
Does 9 divide 179010?
True
Is 16 a factor of 348912?
True
Is 100380 a multiple of 84?
True
Is 169 a factor of 133172?
True
Is 207 a factor of 1906811?
False
Is 102700 a multiple of 182?
False
Does 1222 divide 1810428?
False
Is 6156